 + 25150. Let p be s(0). What is the highest common factor of p and 50?
50
Let c(b) = b**3 + 30*b**2 + 40*b + 121. Let q be c(-29). Let z be (-2)/18 + (-2200)/q. Calculate the highest common factor of z and 11.
11
Let k(d) = 12*d**2 + 8*d + 11. Let m be k(5). Suppose 83*n = 58*n + 325. What is the greatest common divisor of m and n?
13
Let x = 211 - 197. Suppose 0 = x*w + 11*w - 300. What is the highest common factor of 48 and w?
12
Suppose -i = 3*i - 1088. Suppose 11283*a - 5*f - 11 = 11284*a, 0 = 2*a + 4*f - 32. Calculate the greatest common divisor of a and i.
34
Suppose -5*b + b = -3*b. Let t be 4/(-2) - (b + -2). Suppose -3*l - 4*l + 168 = t. What is the greatest common divisor of l and 3?
3
Let y(x) = x**2 - 24*x + 44. Suppose -8*n + 104 = -4*n. Let d be y(n). Calculate the highest common divisor of d and 160.
32
Let x = 2910 + -2823. Calculate the highest common divisor of 203 and x.
29
Suppose 9 = 3*c - 6. Suppose 3*f + 36 = 4*b, 3*b + 2*b - 15 = 0. Let i be 6/(14 + f) + 4. What is the greatest common factor of c and i?
5
Let b(h) = -h**3 - 2*h**2 + h + 2. Let s be b(-3). Suppose -4*d + 6*d - 156 = -3*p, 2*d - 4*p - 128 = 0. Calculate the greatest common factor of d and s.
8
Suppose 4*g + 104 = 2*c, c + 3*g - 47 = 4*g. Let m = 171 + -143. Calculate the greatest common factor of c and m.
14
Suppose 68*r = 70*r - 208. Suppose 6*f + 32 - r = 0. What is the greatest common factor of f and 42?
6
Suppose -2*p = -3*w + 6, -3*w - 2*p = -7*p - 6. Let t be (1/(-2))/(223/(-14272)). Calculate the highest common divisor of t and w.
2
Suppose 5*s = 15, -4*s = 17*y - 15*y - 162. Let m = -83 - -218. Calculate the greatest common factor of m and y.
15
Suppose 5*q - 3363 = 2*i, -4*q - 1032 = 4*i - 3756. Calculate the highest common factor of 2925 and q.
225
Suppose 242*t - 4234 - 3829 = -3223. Calculate the greatest common factor of t and 4190.
10
Let b be (-10 + 11)*8*10. Suppose 4*a - b = 256. Calculate the highest common factor of 96 and a.
12
Let u(f) = -29*f + 34. Let n(a) = -2*a. Let m(w) = 14*n(w) - 2*u(w). Let v be m(6). Calculate the greatest common factor of 28 and v.
28
Let t = -21 - -78. Let j = 872 - 701. Let i be (j/54)/((-4)/(-12))*2. What is the greatest common factor of t and i?
19
Suppose 3*x = -8*x - 0*x + 123255. Calculate the highest common factor of x and 135.
135
Let r(p) be the second derivative of -p**4/6 - p**3/6 + 5*p**2 + 14*p. Let g be r(-6). Let l = -46 - g. What is the greatest common divisor of 5 and l?
5
Let a be (-40)/3*(-3)/2. Let t = 75 - a. Suppose -5*i + 10*i - t = 0. What is the greatest common divisor of i and 1?
1
Let z = -314 - -694. What is the highest common factor of 285 and z?
95
Let k = 15228 + -8102. What is the highest common factor of k and 14?
14
Suppose -638 = -3*g + 2*n, 0 = 2*g + 5*n - 64 - 393. What is the greatest common divisor of 7416 and g?
72
Let n be 4040/30 + 2/6. Let c be (-1)/(-3)*9 + 2. Suppose 2*r + c*k + 27 = 71, -2*k + 77 = 3*r. What is the greatest common divisor of r and n?
27
Suppose -4*k + 490 = y + 30, -5*k = 3*y - 582. Calculate the greatest common factor of 513 and k.
57
Let y(t) = 42*t + 3. Let i be y(10). Suppose -4*f + 86 = 2*z, 333 = z - 3*f + 280. What is the greatest common divisor of i and z?
47
Let m be -1 + -3 - (-4 + 58). Let d = m - -91. Let l = 15 - 4. What is the greatest common divisor of l and d?
11
Let i = -386 - -711. Let z = i + -276. What is the highest common divisor of 14 and z?
7
Let j = -104015 - -104039. Let o = 348 + 60. Calculate the highest common factor of j and o.
24
Suppose 9*f - 2474 = 7*f - 2*d, 3716 = 3*f + 4*d. Suppose 35*c - 46*c + f = 0. What is the greatest common divisor of c and 98?
14
Suppose 2*f + 693*t = 690*t + 129, 4*f - 5*t - 203 = 0. Calculate the highest common factor of f and 3705.
57
Let f = -73 - -65. Let r be f/(-5)*(-14)/56*-220. Let k = r + -44. Calculate the highest common factor of k and 110.
22
Suppose 3*q = 4 + 8. Suppose -2*g = 6, 0 = -3*w + g + 4*g - 3. Let m be ((-64)/3)/(4/w). What is the highest common factor of m and q?
4
Let x be (53 - (3 - -1)) + 8. Let y = 138 - 132. What is the greatest common divisor of y and x?
3
Suppose 0 = -4*q + 4*m + 24, 5*m + 20 = q + 2*q. Suppose 9 = b + 3*g, -3*b = 2*g - 22 - 19. Calculate the highest common factor of b and q.
5
Suppose -6*o + 2808 = 34*o - 13*o. What is the highest common factor of o and 10192?
104
Suppose -8*x + 65 = 35*x - 1655. Let s be 14/21*3*19. Suppose -4*t - 6 = -s. What is the greatest common factor of t and x?
8
Suppose 3*p + 474 - 10174 = -5*y, 0 = -4*y - 2*p + 7762. Calculate the highest common factor of y and 67.
67
Let l(y) = y**2 - 66*y - 2372. Let v be l(92). Let s = 122 - 72. Calculate the greatest common factor of s and v.
10
Let l(x) = 2*x**2 - 16*x - 7. Let d be l(9). Suppose d*f - 10*f - 1 = 0. Let t be ((264/10)/f - 0)*5. What is the greatest common divisor of 12 and t?
12
Let i = 18933 + -15247. Calculate the greatest common factor of i and 190.
38
Let n = -56 - -126. Let h = n - -25. Calculate the greatest common divisor of 38 and h.
19
Suppose -4*w = 4, 0 = 5*h - w - 3 - 23. Suppose h*u + 5*i = 7 + 3, 2*u - i + 11 = 0. Let y be -20*u*9/12. Calculate the greatest common factor of y and 18.
9
Let u = 1417 + -1153. Calculate the greatest common divisor of u and 192.
24
Let q be (-60*2365/(-344))/((-2)/(-92)). Calculate the greatest common factor of q and 165.
165
Let b = 440 - 152. Suppose -b = -2*f + a - 79, -4*f - 4*a = -412. Let r = f - 91. What is the greatest common divisor of 26 and r?
13
Let q(g) be the first derivative of -2*g**3/3 - 13*g**2/2 + 2*g - 89. Let w be q(-6). Calculate the highest common factor of 72 and w.
8
Suppose -w + 25 = o, -o + 210*w - 208*w + 16 = 0. Calculate the highest common factor of 6523 and o.
11
Let s be ((-18 - -16) + (-5)/(-3))*9. Let a = 51 - s. Suppose -5*u + 0*u + 99 = -3*i, 0 = -2*u - 3*i + 27. What is the greatest common divisor of u and a?
18
Suppose 4*w - z - 17861 = -17592, 0 = 4*w - 4*z - 284. Suppose -2*y = -y - 6. What is the highest common factor of w and y?
6
Suppose -9*p - h = -13*p + 1403, 6*p = -h + 2117. What is the greatest common factor of p and 128?
32
Suppose 0 = 8*l + 182*l - 1520. What is the highest common factor of 4088 and l?
8
Suppose -32*s + 29*s = 36*s - 55809. Calculate the highest common factor of 297 and s.
27
Let l be (1/2)/(4 - (-39)/(-10)). Suppose a + l*b = -2 + 24, 4*b = -5*a + 131. What is the greatest common factor of 36 and a?
9
Suppose 6*z - 2*z - 12 = 0. Let r(v) = -v**2 + 7*v - 3. Let w be r(z). Let d be 18 - (-9)/(w/2). Calculate the greatest common divisor of 160 and d.
20
Let s be 2/((-18)/(-583794)*2). Calculate the greatest common divisor of 57 and s.
57
Let q(i) = 109*i - 28. Let d(y) = 55*y - 15. Let r(c) = -5*d(c) + 2*q(c). Let u be r(-5). What is the greatest common factor of 38 and u?
38
Let h(o) = 71*o**2 - 2169*o - 19. Let r be h(32). Calculate the greatest common factor of 116 and r.
29
Suppose -28 = -31*r + 27*r, -3*k + 7*r + 413 = 0. What is the greatest common factor of k and 7469?
77
Suppose -3*b + 2 = -4*b + 3*q, -3*b - 3*q = -18. Suppose -b*v - 128 = 580. Let w be 0/(-3) - v - 2. Calculate the highest common factor of 25 and w.
25
Let c be (235/5)/(6/42). Let p = c + -265. Calculate the greatest common factor of 96 and p.
32
Suppose -g + 488 = -2*d, -38 = -d - 4*g - 300. Let p = 158 + d. Let z = 115 + p. Calculate the greatest common divisor of 27 and z.
27
Let g be (-673)/9 - (-8)/(-36). Let a(j) = 23*j**2 - 40*j - 75. Let h be a(-2). Let s = g + h. What is the greatest common factor of 154 and s?
22
Let y(k) = k**3 - 20*k**2 + 19*k + 8. Let r be y(19). Suppose -820 = -13*v + 8*v. Let q = v - 108. Calculate the highest common divisor of r and q.
8
Let y = 60587 - 87747. Let s be y/(-200) + (-2)/(-10)*1. What is the greatest common divisor of 8 and s?
8
Let m = 14 + -14. Suppose 14*o - 16*o - 6 = m. Let t be 1 - o - 2 - -38. Calculate the greatest common divisor of 200 and t.
40
Let u(p) = 72*p**3 - 2*p**2 + 23*p - 39. Let m be u(2). Calculate the highest common divisor of m and 75.
25
Let y = -410 + 453. Suppose -y + 209 = 2*h - 4*i, 0 = -i + 4. Calculate the highest common divisor of h and 78.
13
Let z = -13 - -45. Let m(f) be the second deriva